f i(y)?
29
Suppose i - t - 815 = -238, 0 = 4*i + 4*t - 2276. What are the prime factors of i?
3, 191
Suppose -5 = 2*d + 3*d. Let f be d*3/3*-5. Suppose -f*b = -161 - 49. List the prime factors of b.
2, 3, 7
Let p be 5*(-11 + 10 + 3/(-5)). Let r(u) = -12*u + 16. List the prime factors of r(p).
2, 7
Suppose 3*w + u = -2*u + 12, 16 = 4*w + 5*u. Suppose w*v = 0, -6*v = -4*i - v + 504. List the prime factors of i.
2, 3, 7
Suppose 5*l = 15941 - 6031. List the prime factors of l.
2, 991
Let g be 4*-1*(-15)/6. Suppose n + g = -4*n. What are the prime factors of 1521/81 - n/9?
19
Let f(w) = 4*w + 0*w + 2 - w - 5*w + w**2. Let o be f(3). Suppose 3*b - 91 = -5*m, -6*m + 5 = -5*m + o*b. List the prime factors of m.
2, 5
Let w(g) be the second derivative of g**4/12 + 7*g**3/6 - 9*g**2/2 + 7*g. List the prime factors of w(-14).
89
Let j(k) = k**3 + 5*k**2 - 3*k - 1. Suppose p - 3*w = -4*p, -3*p - 5*w - 34 = 0. List the prime factors of j(p).
2, 13
Let a = -15 + 37. Suppose 0 = 4*d + a + 6. Let u = -5 - d. List the prime factors of u.
2
Let u(q) = 49*q**2 - 63. Let b(j) = 3*j**2 - 4. Let o(i) = -63*b(i) + 4*u(i). Suppose -42*m + 38*m + 8 = 0. List the prime factors of o(m).
2, 7
What are the prime factors of 610 + (-9)/6*2?
607
Suppose -2*a + 1661 = -839. List the prime factors of a.
2, 5
Let a be 2/(-9) - 24920/126. Let y = -132 - a. What are the prime factors of y?
2, 3, 11
Suppose 0 = -r + 7 - 0. Let p be (6/4)/(r/14). List the prime factors of 8 + p - (1 - 2).
2, 3
Suppose 3*a + 2823 = 5*f, -3*a - 486 - 81 = -f. List the prime factors of f.
2, 3, 47
Suppose 2*i - 2*z = 2730, -i - 5*z = -3*z - 1377. List the prime factors of i.
37
Suppose 4*s = -4*q - q - 607, q - 2*s + 113 = 0. Let a = q - -204. What are the prime factors of a?
5, 17
Let j be (-10)/(-35)*-45*56/(-3). Suppose j + 64 = 4*y. What are the prime factors of y?
2, 19
Let v = -40 - -27. Let h = -539 + 521. Let n = v - h. What are the prime factors of n?
5
Suppose 0*f = 3*s - 2*f + 33, -4*s = 3*f + 61. Let a = -8 - s. Suppose -65 = -5*y - g, -4*y + 2*g + 52 = a*g. List the prime factors of y.
13
Suppose 9*y + 158780 = 43*y. List the prime factors of y.
2, 5, 467
Let k(b) = 130*b**2 - 94*b + 12. List the prime factors of k(6).
2, 3, 43
Suppose 15*j - 18*j = 6. List the prime factors of 21*j*4/(-12).
2, 7
Let d = 13 + -10. Suppose x - 22 = -d*x - 5*t, 5*t = 2*x + 4. Suppose -o - 3*h + 63 = 2*o, 0 = x*o + 4*h - 67. What are the prime factors of o?
17
Let h = 4 - -1. Suppose 4*k + 3*y = 668, -2*k - 2*k = -h*y - 700. What are the prime factors of k?
2, 5, 17
Suppose 4 = -764*k + 766*k. Let p = 3 - 0. What are the prime factors of (3 - k) + 12/p?
5
Suppose -2*j = -w + 268 + 329, -3*j = 5*w - 2920. What are the prime factors of w?
587
Suppose 3*q + 4*b + 493 = 3269, 4*q + 5*b - 3701 = 0. List the prime factors of q.
2, 3, 7, 11
Suppose 4*m - 1328 = -n + 7*m, 2*n - 3*m = 2653. What are the prime factors of n?
5, 53
Suppose 6*y - 3*y = 4*b + 130, -5*y + 236 = 3*b. Suppose 0 = -3*k - y + 172. List the prime factors of k.
2, 3, 7
Suppose 4*k - 3*k = 2. What are the prime factors of -2 + k + -6 + 43?
37
Let h(a) = -a**2 - 4*a + 8. Let m be h(-4). Let y(n) = -n**3 + 10*n**2 - 7*n - 8. What are the prime factors of y(m)?
2
Let x be (-25)/3 - 2/3. Let s(j) = j**2 - 2*j - 18. What are the prime factors of s(x)?
3
Let s = 2566 - 1303. List the prime factors of s.
3, 421
Let g(q) = -341*q + 19. List the prime factors of g(-14).
4793
Let w(d) = -8 - 2 - 4 + 6*d. Let z be w(5). List the prime factors of -3*(z/(-4) - 3).
3, 7
Suppose 20*r - 1209 = 7*r. Suppose z + 42 = -13. Let c = r + z. List the prime factors of c.
2, 19
Let d(g) = g**3 - 4*g**2 + 4*g - 1. Let v be d(3). Let n = 87 + -85. Suppose -n*j + 36 = 2*r, -r - v*r = 3. What are the prime factors of j?
19
Let i = -166 - -557. Suppose 83 = 6*n - i. What are the prime factors of n?
79
Let z(n) = -2*n**3 - 5*n**2 + 4*n + 5. Let g = -9 - -13. Suppose 3*b + q + g*q - 3 = 0, -4*b - 1 = 5*q. What are the prime factors of z(b)?
37
Let s = -169 + 269. Let p = s + -68. What are the prime factors of p?
2
Let c(q) = 5 - 2 + 5*q + 9. List the prime factors of c(17).
97
Let u = -956 - -1484. What are the prime factors of u?
2, 3, 11
Suppose -3*p - 3 + 0 = 0, 0 = -2*w + 5*p + 5. Suppose 3*x = -g + 2*g - 59, w = -3*g + 4*x + 187. What are the prime factors of g?
5, 13
Let p(y) = y**2 + 11*y + 5. Let l = -21 - -25. Let g be -16 - -2 - (l + -5). List the prime factors of p(g).
31
Let n = 977 + -578. What are the prime factors of n?
3, 7, 19
Let g be 288/54*(-6)/(-8). Suppose -9*n + g*n = -300. List the prime factors of n.
2, 3, 5
Let o be (1 - -1 - -13)*2/5. Suppose z + 5*c - 221 = 0, 0 = 8*c - o*c + 2. List the prime factors of z.
2, 113
Let q = -855 - -1373. List the prime factors of q.
2, 7, 37
Suppose -6 + 23 = 5*r + 4*q, -q = r - 4. Suppose 4*a + r - 21 = 0. Suppose -3*j = -5*l + 37, 0 = l - a*l - j + 16. List the prime factors of l.
5
Suppose 2*q = 33*q - 5952. What are the prime factors of q?
2, 3
Let n = -17 + 31. Suppose -16*i + 118 = -n*i. List the prime factors of i.
59
Suppose 60 = 6*u - 9*u. Let x be 1448/u + (-4)/(-10). Let h = -43 - x. List the prime factors of h.
29
Let j(r) = r**3 + 8*r**2 - 4*r - 4. Let q be j(-7). Let d = q - 51. Suppose 0*h + h - d = -4*c, -h + 28 = -2*c. What are the prime factors of h?
2, 13
Let m(k) = -14*k - 14. Let b(w) = -w. Let c(n) = 4*b(n) + m(n). Let r(t) = 6*t + 5. Let o(i) = 2*c(i) + 7*r(i). What are the prime factors of o(6)?
43
Let u be (3/(-9))/(1/(-9)) - 7. What are the prime factors of u/10 - (-1 + (-272)/5)?
5, 11
Suppose -2*k = -5*o - 895, 0*k + 1355 = 3*k + 5*o. List the prime factors of k.
2, 3, 5
Suppose 3*d = -2*d. Suppose 5 = i - d*i. Let g(m) = m**3 - 3*m**2 - m + 7. What are the prime factors of g(i)?
2, 13
Let x be (-52)/(-91) - 3/(42/(-62)). Suppose -2*q - 30 = -x*a - 134, 5*q + a = 287. List the prime factors of q.
3, 19
Let s = 2183 + -461. What are the prime factors of s?
2, 3, 7, 41
Suppose 148 = 5*x - 3*z, 0 = -x - 4*x - 3*z + 142. Let b be (-8)/10 - x/(-5). Suppose s = b*r + 23, -4*r = -2*r + 8. What are the prime factors of s?
3
Suppose -2*t + 17634 = -2*k - k, 3*k + 3*t + 17649 = 0. What are the prime factors of (k/(-7))/4*(-4)/(-10)?
2, 3, 7
Let z(a) be the third derivative of -a**6/120 + a**5/20 + a**4/4 - a**3 + 4*a**2 - a. Let w be (-3)/4 + 57/12. What are the prime factors of z(w)?
2
Suppose -4*y = 5*d - 1307, -15*y = -17*y + 6. List the prime factors of d.
7, 37
Suppose 0 = 169*v - 154*v - 285. List the prime factors of v.
19
Let z = 52 + -48. Suppose -3*v + 30 = 3*a, z*a + 2*v - 3*v - 50 = 0. What are the prime factors of a?
2, 3
Let j be (-10)/4 + (-36)/24. Let b be 2/j*48/(-4). What are the prime factors of (-435)/(-9) - 2/b?
2, 3
Let v(t) = -t**2 + 9*t - 9. Let y be v(9). Let w be (15/10)/(y/(-30)). Suppose w*h + 10 = 0, -3*m + h - 2*h + 49 = 0. What are the prime factors of m?
17
Let l(f) = -55*f + 136. What are the prime factors of l(-15)?
31
Let r be -3 + 2 + 0 + 4. Suppose 0*c = -5*b + 4*c + 139, -3*b = -r*c - 84. List the prime factors of b.
3
Suppose -72 = p + 2*p + 3*g, 2*p + 60 = 2*g. Let r be ((-10)/(-15))/(2/p). Let a(l) = -5*l - 22. What are the prime factors of a(r)?
23
Suppose 16 = -q - 131. Let w be (60/14)/((-7)/q). Suppose 0 = 5*r - 0*r - w. What are the prime factors of r?
2, 3
Let a(j) = j**3 - 11*j**2 + 11*j - 1. Let u be a(5). Let i = u + 179. What are the prime factors of i?
83
Let o be -1*1/((-1)/10). Suppose 5*w = o*w - 600. List the prime factors of w.
2, 3, 5
Let u = -10 - -3. Let b be (-12)/(22/u - -3). Suppose -3*v + b = 3*y, -4*y + 25 = 5. What are the prime factors of v?
23
Suppose -15*x + 21*x - 21876 = 0. List the prime factors of x.
2, 1823
Let j be (4 - 2 - 1)*3 - -1282. Suppose 44*p - 39*p - j = 0. What are the prime factors of p?
257
Suppose -4 + 0 = m. Let z = m + 9. Suppose 3*k = z*k - 48. What are the prime factors of k?
2, 3
Let z(g) = -g**2 - 8*g - 7. Let n be 220/(-35) + (-6)/(-21). Let y be z(n). Suppose -36 = -4*u + 4*d, y*d - 1 = 4. What are the prime factors of u?
2, 5
Suppose 3*m - 8*m - 5*j + 885 = 0, -3*m = -3*j - 537. Suppose -m = -3*u + 4*q, -2*u + 3*q = -3*u + 68. List the prime factors of u.
2, 31
What are the prime factors of 51867/113 -